emainder when 11 is divided by (4/(-6))/(6/d).
4
Suppose 0 = -c + 1, -c + 147 = 4*h + 2*c. Let d = 57 - h. Let z(x) = x**2 - 24*x + 119. Calculate the remainder when d is divided by z(6).
10
Calculate the remainder when 69 is divided by 66/77*(2 + 12).
9
Suppose 0*t = t - 1. Suppose 0 = 2*k + r - 4, 4*r - 15 - t = -k. Suppose 3*u - 42 = -k*u. Calculate the remainder when 25 is divided by u.
11
Let z(f) = 2*f**2 + 5*f - 28. Let r be z(-12). Suppose -4*b - r = -9*b. What is the remainder when b is divided by 12?
4
Let l(s) = s - 2. Let b(f) = f - 3. Let k(n) = 4*b(n) - 5*l(n). Let p be k(-6). Suppose -35 - 1 = -p*t. Calculate the remainder when 17 is divided by t.
8
Let v(w) = 132*w - 1743. Let z(t) = t**3 - t**2 + 27. Calculate the remainder when v(14) is divided by z(0).
24
Suppose -5*p - 5*d + 60 = -0*d, -4*d + 64 = 5*p. Calculate the remainder when (-44 - -3 - -4)*-3 is divided by p.
15
Let c(l) = 19*l + 1. Let j be c(5). Suppose -4*d + 242 = 2*w, -d - 28 = -w - j. Let t(q) = q**2 - q + 16. Calculate the remainder when d is divided by t(0).
15
Let t = 9 + -12. Calculate the remainder when 36 is divided by 56/3 + -1*t/9.
17
Suppose -4*s - 3*g = -491, -5*s - 13*g = -12*g - 622. Calculate the remainder when s is divided by 8.
5
Let w = 9 + -7. Suppose -w = -3*f - 5*r, -3*f + r + 14 = -6*f. Let c(l) = -l**3 - 5*l**2 - 4*l + 3. What is the remainder when c(f) is divided by 16?
15
Suppose 35 - 7 = 4*h. Suppose -204 = -5*f - h*f. What is the remainder when f is divided by 4?
1
Suppose 524 = 15*j - 181. What is the remainder when j is divided by 13?
8
Let k(z) = z**3 - 40*z**2 + 143*z + 59. What is the remainder when (-1)/(-2) + 174/4 is divided by k(36)?
21
Suppose 0 = -2130*x + 2118*x + 768. What is the remainder when x is divided by 20?
4
Suppose 270 = -c + 6*c + 5*d, 0 = -4*c + d + 191. Calculate the remainder when 4115 is divided by c.
48
Let h = -128 + 133. What is the remainder when 212/12 - 4/(-12) is divided by h?
3
Let r(k) = -k**3 + 4*k**2 - 2*k + 3. Suppose 4*h - 7*h + 30 = 0. Let l(p) = -p**2 + 12*p + 8. Calculate the remainder when l(h) is divided by r(3).
4
Suppose -94*u = -91*u - 267. Calculate the remainder when u is divided by -2 + (-43)/(-3) + 18/27.
11
Suppose -3*m + 0*m - 5*t + 48 = 0, -16 = -m + 3*t. Suppose 5*u - 4*o - 76 = 0, -m + 4 = -u + 4*o. What is the remainder when 92 is divided by u?
12
Let m(f) = -5 + 0*f + 5*f + f - 1. What is the remainder when m(7) is divided by 19?
17
Let v = -56 - -68. What is the remainder when 44 is divided by v?
8
Let z = -304 + 314. Let r(c) be the third derivative of c**5/60 - c**4/4 - 11*c**3/6 - c**2. What is the remainder when r(z) is divided by 16?
13
Let v = 65 - 63. Suppose 2*h - 110 = -2*h - v*l, -4*h + 5*l = -75. What is the remainder when h is divided by 13?
12
Let y = 456 - 416. What is the remainder when 158 is divided by y?
38
Let b be (-9915)/(-165) + (-1)/11. Let o = -2 + 2. Suppose 4*x - 2*l - 48 = o, 4*l + b = x + 4*x. What is the remainder when x is divided by 5?
2
Let a(g) = 50*g + 1. Let c be a(-2). Let t = 168 + c. Calculate the remainder when 22 is divided by 4/12 + t/9.
6
Suppose 3*p + 5*a = -2*p, -p - 5*a - 4 = 0. Let n(u) = u**3 + 6*u**2 - 7*u + 1. Suppose -2*i = -4 + 18. Calculate the remainder when n(i) is divided by p.
0
What is the remainder when 88 is divided by 11 - -20 - (-4 + 4)?
26
Let y(x) = -11*x + 28. Calculate the remainder when y(-13) is divided by 45.
36
Suppose -4*a + 23 = m - 0, m - 50 = 5*a. What is the remainder when m is divided by (4/6)/((-4)/(-108))?
17
Let t = 233 + -230. What is the remainder when 15 is divided by t?
0
Let u = -8 + 81. Suppose -3*b = -4*w - 0*b + u, -29 = -2*w + 3*b. What is the remainder when 41 is divided by w?
19
Suppose -6 = 4*r - 7*r. Suppose -r*y - 4*g + 34 = 0, -14 = 2*y - 2*g - 78. Suppose y = 2*i - 23. Calculate the remainder when i is divided by 13.
12
What is the remainder when 177 is divided by (-4)/28*2 + (-1827)/(-49)?
29
Let d(u) = u**2 - 15*u + 96. Calculate the remainder when 1344 is divided by d(18).
144
Calculate the remainder when (1 - (-4)/8)/(24/1696) is divided by 24.
10
Suppose 2*g - 51 = -g. Let r = 396 - 312. Calculate the remainder when r is divided by g.
16
Let d = 20 + -9. Let y be (1/1 - 6)*-1. Let r(h) = -h**2 + 7*h - 4. Calculate the remainder when d is divided by r(y).
5
Suppose -3*g + 17 = 5. Let p be 2*-1 + (0 - -5 - -29). Suppose 2*m + 3*d - p = 2*d, 2*m + 4*d - 26 = 0. Calculate the remainder when m is divided by g.
1
Suppose 2633 + 3487 = 34*u. What is the remainder when u is divided by 58?
6
Suppose -63 = -6*j + 27. Calculate the remainder when 194 is divided by j.
14
Suppose -21 + 27 = q. What is the remainder when 2 + (32 - (1 - 1)) is divided by q?
4
Let z(q) = q**2 - 22*q + 8. Calculate the remainder when 70 is divided by z(22).
6
Suppose -3*h + 137 = -109. What is the remainder when h is divided by 17?
14
Suppose 61*u - 63*u = -2*a - 78, -2*a = -3*u + 114. Calculate the remainder when 716 is divided by u.
32
Let v be 0*(1 + 9/(-6)). Suppose -5 = -k - v. Suppose -5*o - 5 = s + 3, o = k*s - 64. Calculate the remainder when 33 is divided by s.
9
Let b(c) = c**3 - 10*c**2 + 10*c + 8. Let g(t) = -t**2 - t + 118. Calculate the remainder when g(0) is divided by b(9).
16
Suppose -5*b = 3*u - 175, 2*b - 88 = -5*u + 210. Suppose 0 = r - 2*w + 2, -5*w = 5*r - w - u. What is the remainder when (0 - -2)*31*2/4 is divided by r?
7
Suppose 4*o = 3*b - 87, -2*o + o = -5*b + 145. Suppose 28 = -8*w + 452. What is the remainder when w is divided by b?
24
Let w(d) = -3*d + 7. Let z be w(0). Suppose 3*m + 349 = z*m + i, -5*m - 3*i = -445. What is the remainder when m is divided by 29?
28
Suppose -45*f - a + 400 = -43*f, 3*a - 12 = 0. What is the remainder when f is divided by 25?
23
Let t = -3 + 5. Suppose 4*q = -2*u - 32, q + 18 = -5*u - 8. What is the remainder when ((-100)/q - t)*3 is divided by 23?
21
Suppose 5*u = -5*h + h - 93, 4*u = -4*h - 92. Let x = 57 + h. Calculate the remainder when x is divided by 13.
9
Let l(r) = 39*r**3 + 2*r**2 - 2*r + 1. Let n be l(1). What is the remainder when 118 is divided by (n/(-6))/(12/(-18))?
8
Suppose 0 = -4*q - 4*y + 584, 294 = 69*q - 67*q + 3*y. What is the remainder when q is divided by 21?
18
Let f(y) = y + 11. Let s be f(-6). Suppose i = 3*q + 2*q - 114, q + s*i = 28. Let n = 33 - q. Calculate the remainder when n is divided by 4.
2
Let i = -46 + 58. Let x = i + -1. Calculate the remainder when 16 is divided by x.
5
Calculate the remainder when 162 is divided by 49*5/280*-6*-8.
36
Let o = -1 - -7. Let i(j) = -j**3 - 8*j**2 + j + 8. Let t be i(-8). Suppose t = 2*r - 33 + 7. What is the remainder when r is divided by o?
1
Let u = -9 + 22. Calculate the remainder when (6/4)/((-12)/(-296)) is divided by u.
11
Let h(p) = 27*p + 246. What is the remainder when h(19) is divided by 15?
9
Let v(w) = -55*w - 206. What is the remainder when v(-16) is divided by 75?
74
Let k be 4 + 24/(4/(-4)). Let b be (-10)/k*(-14)/1. Let v = b - -32. What is the remainder when 73 is divided by v?
23
Let v be (22/(-1))/(14/(-1001)). Suppose 0 = 7*m + 621 - v. Calculate the remainder when m is divided by 23.
21
Let g(j) = -22*j - 3 + 2 + 18*j. Calculate the remainder when 3 is divided by g(-1).
0
Let n = 209 + -105. Let a = 182 - n. What is the remainder when a is divided by 20?
18
Let h = 153 + -132. Let q = -129 - -233. What is the remainder when q is divided by h?
20
Suppose 25 = 3*x - 23. Suppose -5*f = -2*l - 280, 390*l = -2*f + 393*l + 101. What is the remainder when f is divided by x?
10
Suppose -3*q - 270 = -1080. Calculate the remainder when q is divided by 56.
46
Calculate the remainder when 8684/(-26)*(-1)/2 is divided by 42.
41
Suppose -5*n + 40 + 49 = 4*b, 4*b + 3*n - 79 = 0. What is the remainder when (1/((-2)/(-86)))/1 is divided by b?
11
Let c be 4/6 + 200/(-12). Let d = c + 13. Calculate the remainder when 3 is divided by (1 - -4) + 1 + d.
0
Let a = -8 - -12. Suppose -12 = -a*g - 2*g. Suppose g*r + r - 201 = 0. Calculate the remainder when r is divided by 23.
21
Let h = 20 + 55. What is the remainder when 148 is divided by h?
73
Let i be (-4)/(-5)*30/(-12). Let f be 11/(3 + i) + -3. Calculate the remainder when -1 + 30 - (f + -8) is divided by 15.
14
Let o(j) = 21*